t(-1).
158
Let j(c) = -c**3 - 21*c**2 + 671*c + 14429. Calculate j(-23).
54
Let j(p) = -p**2 + 340*p + 3118. What is j(-9)?
-23
Let l(g) = -12*g**3 + 482*g**2 - 79*g - 17. Calculate l(40).
23
Let d(g) = g**3 - 67*g**2 + 61*g - 607. Determine d(66).
-937
Let z(c) = -c**3 - 260*c**2 + 1015*c - 10643. Calculate z(-264).
181
Let p(s) = -1328*s - 45162. Determine p(-34).
-10
Let i(w) = 118*w - 41445. Give i(351).
-27
Let t(p) = 367*p + 53978. Give t(-147).
29
Let p(c) = -6*c**3 + 57*c**2 - 4*c - 224. Calculate p(9).
-17
Let u(x) = 74*x**2 - 7595*x + 460. Calculate u(102).
-4334
Let j(y) = -29*y**2 + 72*y + 1222. Calculate j(8).
-58
Let g(d) = -4412*d + 3860507. Determine g(875).
7
Let x(u) = -78*u**3 - 508*u**2 - 12*u + 16. What is x(-7)?
1962
Let h(l) = -2166*l + 261018. Give h(122).
-3234
Let d(m) = -m**3 + 14*m**2 - 3804*m + 45433. What is d(12)?
73
Let q(l) = -20*l**2 + 17*l + 52. Calculate q(-5).
-533
Let i(b) = b**3 - 29*b**2 + 57*b + 2. Determine i(27).
83
Let m(v) = 156*v + 20878. Give m(-98).
5590
Let k(j) = 4*j**3 - 99*j**2 + 99*j - 2703. Give k(25).
397
Let n(k) = 7*k**3 - 12*k**2 - 80*k + 153. What is n(3)?
-6
Let f(p) = 202*p + 6332. What is f(-30)?
272
Let l(i) = -i**2 + 34337*i - 205976. What is l(6)?
10
Let c(k) = -3*k**3 - 56*k**2 + 321*k + 63. Give c(5).
-107
Let f(x) = -x**3 - 16*x**2 + 88*x + 217. Determine f(-16).
-1191
Let a(k) = -2966*k + 883871. What is a(298)?
3
Let b(j) = 2*j**2 + 72*j + 250. Calculate b(-32).
-6
Let g(c) = 31*c**2 - 4115*c + 85383. What is g(107)?
-3
Let q(s) = 5*s**2 - 232*s - 2535. Give q(-11).
622
Let q(m) = m**2 + 568*m + 62533. What is q(-151)?
-434
Let c(m) = 51339*m**2 - 205360*m + 12. Give c(4).
-4
Let b(d) = 8*d**2 - 590*d + 10063. Give b(46).
-149
Let m(k) = -4*k**2 + 685*k - 20737. Give m(39).
-106
Let q(x) = 15*x**3 + 983*x**2 + 15835*x - 31. Give q(-37).
6
Let j(q) = 56*q + 4340. Determine j(-83).
-308
Let l(b) = -179*b**2 - 1094*b - 120. Give l(-6).
0
Let i(r) = 2*r**2 + 375*r - 1790. Calculate i(5).
135
Let c(d) = -d**3 - 135*d**2 - 2489*d - 454. Determine c(-113).
-115
Let p(i) = -i**3 - 235*i**2 - 456*i - 107170. Calculate p(-235).
-10
Let u(f) = 6*f**2 - 34*f - 3753. Give u(28).
-1
Let v(o) = o**3 + 910*o**2 - 27950*o + 235013. What is v(-940)?
13
Let b(s) = -66*s + 1467. Determine b(-12).
2259
Let t(s) = -s**2 + 1301*s - 410502. Give t(538).
-8
Let o(h) = 27303*h - 873672. What is o(32)?
24
Let o(g) = -g**2 - 655*g - 16609. Calculate o(-27).
347
Let k(v) = -9*v**2 - 2657*v - 21182. Determine k(-8).
-502
Let g(n) = 32951*n + 131813. Give g(-4).
9
Let c(w) = w**3 + 615*w**2 + 23517*w - 9738. Determine c(-574).
20
Let k(c) = -3*c**3 - 12*c**2 - 19*c - 27. Give k(-7).
547
Let k(f) = f**3 - 160*f**2 + 20*f - 3307. Calculate k(160).
-107
Let z(l) = 2*l**2 - 28*l - 1138. Give z(-33).
1964
Let x(v) = -52*v**2 - 14521*v - 153454. Determine x(-11).
-15
Let o(m) = m**2 + 323*m - 1676. Determine o(5).
-36
Let y(x) = 9228*x + 433718. What is y(-47)?
2
Let h(d) = 13*d**3 - 5*d**2 - 11*d + 6. Give h(2).
68
Let f(j) = 30601*j + 1. Give f(0).
1
Let t(s) = -93*s + 5905. Give t(61).
232
Let x(v) = -13340*v + 10978827. Determine x(823).
7
Let l(t) = -6007*t - 2144518. Calculate l(-357).
-19
Let f(j) = -5*j**3 - 26*j**2 - 44*j - 33. Give f(-8).
1215
Let b(k) = 7*k**2 + 928*k - 90686. What is b(-198)?
-2
Let o(v) = 7*v**2 + 18111*v + 198371. Determine o(-11).
-3
Let p(d) = -d**2 - 15*d + 2810. What is p(47)?
-104
Let k(x) = 60*x**2 + 276*x - 1903. Determine k(-9).
473
Let l(x) = 24*x**2 + 428*x + 1281. What is l(-14)?
-7
Let x(l) = -4*l**3 + 122*l**2 + 161*l - 6498. What is x(30)?
132
Let y(g) = -g**3 + 139*g**2 + 287*g - 322. Calculate y(141).
383
Let i(y) = -4*y**3 + 28*y**2 + 539*y - 3731. Give i(7).
42
Let u(w) = -1168*w**2 - 184554*w - 1558. Determine u(-158).
22
Let a(p) = 21*p**2 + 1537*p - 4519. Determine a(3).
281
Let a(p) = 4*p**2 + 128*p - 389. Calculate a(7).
703
Let i(s) = 4*s**2 + 385*s + 7322. Give i(-67).
-517
Let l(q) = 521*q - 2626. Determine l(5).
-21
Let i(p) = -4*p**2 + 27*p - 752. Calculate i(0).
-752
Let g(y) = y**3 - 7*y**2 - 137*y - 354. What is g(-4)?
18
Let v(n) = 224*n - 3573. Determine v(10).
-1333
Let n(i) = 13*i**3 + 4265*i**2 + 330*i - 199. Calculate n(-328).
-855
Let m(u) = -u**3 + 36*u**2 + 989*u + 947. Calculate m(-1).
-5
Let f(k) = -k**3 + 12*k**2 - 15*k - 90. Give f(9).
18
Let d(p) = -p**3 + 1368*p**2 - 10924*p + 59835. Determine d(1360).
-5
Let f(d) = -d**2 - 7189*d - 57448. Calculate f(-8).
0
Let d(y) = -14*y**2 + 845*y - 8414. Determine d(10).
-1364
Let s(f) = -15146*f - 136310. Calculate s(-9).
4
Let r(l) = -6493*l - 7376036. Determine r(-1136).
12
Let p(s) = s**3 - 132*s**2 - 2686*s - 2175. Give p(150).
-75
Let a(z) = z**3 - 78*z**2 - 1042*z + 30450. Calculate a(86).
6
Let p(b) = 5988*b - 113708. What is p(19)?
64
Let y(n) = -2393*n**2 - 23896*n + 329. Calculate y(-10).
-11
Let s(y) = -6*y**2 - 69680*y + 348408. Determine s(5).
-142
Let d(l) = -1139*l**2 + 471544*l + 833. Give d(414).
5
Let q(l) = -l**2 + 8372*l - 50175. Calculate q(6).
21
Let g(v) = -18*v**3 - 161*v**2 + 40*v + 226. Calculate g(-9).
-53
Let h(z) = 90*z**2 - 5669*z + 130. Determine h(63).
193
Let q(k) = 72*k**2 - 11663*k - 187. Determine q(162).
-25
Let d(r) = r**3 - 146*r**2 + 159*r - 2330. Give d(145).
-300
Let l(h) = -3*h**3 - 185*h**2 + 453*h + 335. What is l(-64)?
15
Let n(m) = 4*m**2 + 861*m + 11629. Give n(-14).
359
Let m(u) = u**3 - 289*u**2 - 2682*u - 1. What is m(-9)?
-1
Let s(z) = 2*z**3 - 7*z**2 - 71260*z + 142535. Calculate s(2).
3
Let u(h) = -h**3 - 121*h**2 - 72*h + 33300. Give u(-118).
24
Let j(k) = -14734*k + 368320. Determine j(25).
-30
Let y(v) = v**2 - 92*v + 1461. Determine y(18).
129
Let i(v) = v**3 + 55*v**2 - 416*v + 2. Give i(7).
128
Let c(p) = -16*p**2 - 66*p - 65. What is c(7)?
-1311
Let t(y) = 4*y**3 - 77*y**2 + 91*y - 1562. Give t(19).
-194
Let m(g) = 2*g**3 - 61*g**2 + 30*g - 159. Determine m(30).
-159
Let t(s) = -6341*s - 37955. Give t(-6).
91
Let p(o) = -15143*o - 2407748. Determine p(-159).
-11
Let a(c) = 2*c**2 + 168*c + 2479. Give a(-19).
9
Let z(i) = -i**2 - 335136*i + 3016300. What is z(9)?
-5
Let q(v) = -2*v**3 - 611*v**2 + 355*v + 15001. Give q(-306).
7
Let v(d) = 18*d**2 + 65*d + 183. What is v(-16)?
3751
Let r(a) = 2*a**3 + 15*a**2 - 35*a - 119. What is r(4)?
109
Let v(t) = -20*t**2 + 20750*t + 146236. Give v(-7).
6
Let r(m) = -24*m**2 - 948*m - 6046. Calculate r(-8).
2
Let k(n) = -2*n**2 + 2605*n - 15584. Determine k(6).
-26
Let z(d) = -64*d - 912. Calculate z(-14).
-16
Let z(d) = -6*d**2 - 696*d - 6356. Calculate z(-9).
-578
Let r(f) = 6222*f + 62196. Give r(-10).
-24
Let y(z) = -3*z**2 + 508*z + 2401. Determine y(174).
-35
Let m(x) = 1181080*x + 8267552. Determine m(-7).
-8
Let c(r) = -r**2 + 164*r + 2816. What is c(-17)?
-261
Let v(u) = -3983*u + 64174. Determine v(16).
446
Let x(s) = 174*s + 33267. Calculate x(-191).
33
Let f(u) = 1672*u + 38489. Determine f(-23).
33
Let a(i) = -370690*i - 370699. Determine a(-1).
-9
Let o(h) = 62*h + 66. Calculate o(5).
376
Let w(j) = -3*j**2 - 256*j + 2532. What is w(-100)?
-1868
Let m(o) = 6*o**3 - 26*o**2 - 134*o - 67. Calculate m(-4).
-331
Let a(p) = 1624*p**2 + 50379*p + 1088. What is a(-31)?
3
Let m(s) = 14*s**2 + 121*s + 713. What is m(-6)?
491
Let f(d) = d**3 - 64*d**2 - 148*d + 5544. What is f(65)?
149
Let h(n) = -185*n**2 + 25690*n + 3434. What is h(139)?
-41
Let h(i) = 101*i - 2554. Calculate h(18).
-736
Let d(l) = 2*l**3 - 133*l**2 + 905*l - 499. Calculate d(59).
681
Let c(p) = p**3 - 58*p**2 - 279*p + 6313. Determine c(61).
457
Let n(h) = 976*h - 646138. Determine n(662).
-26
Let z(u) = -2*u**3 + 134*u**2 - 125*u - 475. What is z(66)?
-13
Let r(q) = -22*q**3 + 57*q**2 - 13*q + 38. Give r(3).
-82
Let t(y) = -149*y + 39013. Give t(261).
124
Let l(g) = 1144706*g - 1144721. Determine l(1).
-15
Let i(w) = -6*w**2 + 506*w - 73. Determine i(84).
95
Let p(o) = 10*o**2 - 35*o - 258. Give p(7).
-13
Let c(x) = -4673*x + 70030. What is c(15)?
-65
Let s(a) = 17*a**2 + 72*a + 50. Calculate s(-2).
-26
Let g(c) = c**3 - 119*c**2 + 683*c - 19. What is g(6)?
11
Let s(j) = -2*j**3 - 48*j**2 + 7*j - 286. Give s(-25).
789
Let b(m) = 2568*m - 300482. Give b(117).
-26
Let o(l) = -29228*l + 993746. What is o(34)?
-6
Let o(m) =